{"id":3537,"date":"2026-03-15T14:50:32","date_gmt":"2026-03-15T13:50:32","guid":{"rendered":"https:\/\/transimport.pl\/?page_id=3537"},"modified":"2026-03-15T14:57:37","modified_gmt":"2026-03-15T13:57:37","slug":"drzwi-od-reki","status":"publish","type":"page","link":"https:\/\/transimport.pl\/?page_id=3537","title":{"rendered":"Drzwi od r\u0119ki"},"content":{"rendered":"\n<div class=\"wp-block-columns is-layout-flex wp-container-core-columns-is-layout-995f960e wp-block-columns-is-layout-flex\">\n<div class=\"wp-block-column is-layout-flow wp-block-column-is-layout-flow\" style=\"flex-basis:25%\"><\/div>\n\n\n\n<div class=\"wp-block-column is-layout-flow wp-block-column-is-layout-flow\" style=\"flex-basis:50%\">\n<p class=\"has-x-large-font-size wp-block-paragraph\">Drzwi od r\u0119ki<\/p>\n\n\n\n<p class=\"has-medium-font-size wp-block-paragraph\">Ze wzgl\u0119du na ogromn\u0105 ilo\u015b\u0107 tzw. typo-rozmiar\u00f3w oferta drzwi dost\u0119pnych od r\u0119ki jest ograniczona.&nbsp;<\/p>\n\n\n\n<p class=\"has-medium-font-size wp-block-paragraph\">Niemniej jednak pozwala na ich spory wyb\u00f3r. Zapraszamy do siedziby firmy celem zapoznania si\u0119 z aktualnymi propozycjami.<\/p>\n<\/div>\n\n\n\n<div class=\"wp-block-column is-layout-flow wp-block-column-is-layout-flow\" style=\"flex-basis:25%\"><\/div>\n<\/div>\n\n\n\n<p class=\"has-medium-font-size wp-block-paragraph\"><\/p>\n\n\n\n<p class=\"wp-block-paragraph\"><\/p>\n","protected":false},"excerpt":{"rendered":"<p>Drzwi od r\u0119ki Ze wzgl\u0119du na ogromn\u0105 ilo\u015b\u0107 tzw. typo-rozmiar\u00f3w oferta drzwi dost\u0119pnych od r\u0119ki jest ograniczona.&nbsp; Niemniej jednak pozwala na ich spory wyb\u00f3r. Zapraszamy do siedziby firmy celem zapoznania si\u0119 z aktualnymi propozycjami.<\/p>\n","protected":false},"author":1,"featured_media":0,"parent":0,"menu_order":0,"comment_status":"closed","ping_status":"closed","template":"","meta":{"_crdt_document":"","footnotes":""},"class_list":["post-3537","page","type-page","status-publish","hentry"],"blocksy_meta":[],"_links":{"self":[{"href":"https:\/\/transimport.pl\/index.php?rest_route=\/wp\/v2\/pages\/3537","targetHints":{"allow":["GET"]}}],"collection":[{"href":"https:\/\/transimport.pl\/index.php?rest_route=\/wp\/v2\/pages"}],"about":[{"href":"https:\/\/transimport.pl\/index.php?rest_route=\/wp\/v2\/types\/page"}],"author":[{"embeddable":true,"href":"https:\/\/transimport.pl\/index.php?rest_route=\/wp\/v2\/users\/1"}],"replies":[{"embeddable":true,"href":"https:\/\/transimport.pl\/index.php?rest_route=%2Fwp%2Fv2%2Fcomments&post=3537"}],"version-history":[{"count":2,"href":"https:\/\/transimport.pl\/index.php?rest_route=\/wp\/v2\/pages\/3537\/revisions"}],"predecessor-version":[{"id":3550,"href":"https:\/\/transimport.pl\/index.php?rest_route=\/wp\/v2\/pages\/3537\/revisions\/3550"}],"wp:attachment":[{"href":"https:\/\/transimport.pl\/index.php?rest_route=%2Fwp%2Fv2%2Fmedia&parent=3537"}],"curies":[{"name":"wp","href":"https:\/\/api.w.org\/{rel}","templated":true}]}}